s divided by 230?
203
Calculate the remainder when 8279 is divided by 173.
148
What is the remainder when 367207 is divided by 62?
43
Calculate the remainder when 9522 is divided by 36.
18
Calculate the remainder when 13272 is divided by 2751.
2268
What is the remainder when 2716 is divided by 129?
7
Calculate the remainder when 12797 is divided by 217.
211
Calculate the remainder when 13727 is divided by 1715.
7
Calculate the remainder when 57791 is divided by 57.
50
What is the remainder when 84658 is divided by 274?
266
What is the remainder when 19203 is divided by 221?
197
What is the remainder when 72749 is divided by 36327?
95
Calculate the remainder when 11975 is divided by 397.
65
What is the remainder when 17042 is divided by 2434?
4
Calculate the remainder when 515 is divided by 65.
60
What is the remainder when 12300 is divided by 61?
39
What is the remainder when 3892 is divided by 58?
6
What is the remainder when 48658 is divided by 308?
302
Calculate the remainder when 170876 is divided by 240.
236
What is the remainder when 154788 is divided by 154772?
16
Calculate the remainder when 2318 is divided by 342.
266
What is the remainder when 512341 is divided by 13?
11
What is the remainder when 3529 is divided by 1755?
19
What is the remainder when 5847 is divided by 832?
23
What is the remainder when 13273 is divided by 13160?
113
Calculate the remainder when 538139 is divided by 68.
55
What is the remainder when 765325 is divided by 15?
10
Calculate the remainder when 12837 is divided by 25.
12
What is the remainder when 5556 is divided by 5534?
22
What is the remainder when 2973975 is divided by 164?
163
What is the remainder when 10131 is divided by 571?
424
What is the remainder when 273 is divided by 9?
3
Calculate the remainder when 2086 is divided by 181.
95
What is the remainder when 2994 is divided by 1325?
344
What is the remainder when 17347 is divided by 89?
81
Calculate the remainder when 32568 is divided by 3607.
105
What is the remainder when 124641 is divided by 97?
93
What is the remainder when 5837 is divided by 225?
212
Calculate the remainder when 4176 is divided by 3869.
307
What is the remainder when 69552 is divided by 32?
16
Calculate the remainder when 525823 is divided by 171.
169
What is the remainder when 4239 is divided by 532?
515
What is the remainder when 15072 is divided by 13?
5
Calculate the remainder when 361773 is divided by 180867.
39
What is the remainder when 2370 is divided by 591?
6
Calculate the remainder when 3867 is divided by 149.
142
Calculate the remainder when 1718 is divided by 415.
58
What is the remainder when 110150 is divided by 1224?
1214
What is the remainder when 960089 is divided by 17?
14
Calculate the remainder when 43886 is divided by 10.
6
Calculate the remainder when 1057857 is divided by 60.
57
What is the remainder when 91610 is divided by 91583?
27
What is the remainder when 53672 is divided by 532?
472
What is the remainder when 9306 is divided by 1543?
48
What is the remainder when 19330 is divided by 108?
106
What is the remainder when 6934 is divided by 494?
18
What is the remainder when 9906 is divided by 980?
106
What is the remainder when 16933 is divided by 48?
37
Calculate the remainder when 1615 is divided by 483.
166
What is the remainder when 5883 is divided by 419?
17
Calculate the remainder when 50879 is divided by 43.
10
Calculate the remainder when 46383 is divided by 15446.
45
Calculate the remainder when 13680 is divided by 12.
0
What is the remainder when 17621 is divided by 454?
369
Calculate the remainder when 2232574 is divided by 216.
214
What is the remainder when 1460 is divided by 406?
242
Calculate the remainder when 42761 is divided by 400.
361
What is the remainder when 1585 is divided by 523?
16
Calculate the remainder when 493022 is divided by 185.
182
Calculate the remainder when 4620846 is divided by 101.
96
What is the remainder when 21814 is divided by 35?
9
Calculate the remainder when 39861 is divided by 1014.
315
Calculate the remainder when 19975 is divided by 690.
655
What is the remainder when 819 is divided by 146?
89
Calculate the remainder when 5562 is divided by 159.
156
What is the remainder when 10951 is divided by 196?
171
What is the remainder when 1168 is divided by 372?
52
What is the remainder when 21147 is divided by 605?
577
What is the remainder when 53808 is divided by 3?
0
What is the remainder when 1807 is divided by 49?
43
What is the remainder when 130817 is divided by 505?
22
Calculate the remainder when 16580 is divided by 2117.
1761
What is the remainder when 12005 is divided by 66?
59
Calculate the remainder when 6200 is divided by 1052.
940
What is the remainder when 510508 is divided by 510?
508
Calculate the remainder when 846 is divided by 184.
110
Calculate the remainder when 41452 is divided by 98.
96
Calculate the remainder when 581619 is divided by 38.
29
What is the remainder when 14811 is divided by 7388?
35
What is the remainder when 134676 is divided by 1104?
1092
Calculate the remainder when 9812 is divided by 4730.
352
What is the remainder when 170587 is divided by 85?
77
Calculate the remainder when 3463 is divided by 7.
5
What is the remainder when 46 is divided by 6?
4
Calculate the remainder when 3377 is divided by 23.
19
Calculate the remainder when 850 is divided by 61.
57
What is the remainder when 2063 is divided by 681?
20
Calculate the remainder when 3717 is divided by 25.
17
Calculate the remainder when 1027878 is divided by 106.
102
What is the remainder when 55972 is divided by 26?
20
What is the remainder when 2057 is divided by 79?
3
What is the remainder when 3262 is divided by 50?
12
Calculate the remainder when 159341 is divided by 433.
430
Calculate the remainder when 9621 is divided by 4705.
211
What is the remainder when 4402 is divided by 458?
280
Calculate the remainder when 249647 is divided by 21.
20
Calculate the remainder when 11141 is divided by 594.
449
Calculate the remainder when 3386 is divided by 374.
20
What is the remainder when 26654 is divided by 8883?
5
Calculate the remainder when 3720 is divided by 12.
0
What is the remainder when 111365 is divided by 81?
71
Calculate the remainder when 1107 is divided by 540.
27
What is the remainder when 377242 is divided by 55?
52
Calculate the remainder when 258490 is divided by 37.
8
Calculate the remainder when 20383 is divided by 224.
223
Calculate the remainder when 46278 is divided by 119.
106
Calculate the remainder when 19020 is divided by 421.
75
Calculate the remainder when 9876 is divided by 619.
591
Calculate the remainder when 57278 is divided by 43.
2
Calculate the remainder when 301520 is divided by 11.
10
Calculate the remainder when 21618 is divided by 4322.
8
What is the remainder when 341920 is divided by 1033?
1030
Calculate the remainder when 11227 is divided by 3735.
22
What is the remainder when 36504 is divided by 4056?
0
Calculate the remainder when 3540 is divided by 285.
120
What is the remainder when 1461 is divided by 64?
53
Calculate the remainder when 4214 is divided by 306.
236
What is the remainder when 112721 is divided by 88?
81
What is the remainder when 101286 is divided by 80?
6
Calculate the remainder when 2172 is divided by 546.
534
What is the remainder when 191699 is divided by 255?
194
Calculate the remainder when 33825 is divided by 179.
173
Calculate the remainder when 22358 is divided by 32.
22
Calculate the remainder when 152315 is divided by 22.
9
What is the remainder when 531178 is divided by 177055?
13
What is the remainder when 21804 is divided by 865?
179
Calculate the remainder when 57282 is divided by 2.
0
Calculate the remainder when 867 is divided by 50.
17
What is the remainder when 37253 is divided by 5?
3
Calculate the remainder when 106933 is divided by 467.
457
What is the remainder when 357688 is divided by 2104?
8
What is the remainder when 588509 is divided by 877?
42
Calculate the remainder when 6142 is divided by 158.
138
What is the remainder when 12426 is divided by 12301?
125
What is the remainder when 73032 is divided by 199?
198
Calculate the remainder when 79285 is divided by 68.
65
Calculate the remainder when 939 is divided by 609.
3